{"id":1051,"date":"2025-03-21T13:24:54","date_gmt":"2025-03-21T13:24:54","guid":{"rendered":"https:\/\/www.oa6.fr\/shop\/?post_type=product&#038;p=1051"},"modified":"2025-12-15T17:19:13","modified_gmt":"2025-12-15T16:19:13","slug":"embout-porte-buse-lateral","status":"publish","type":"product","link":"https:\/\/www.oa6.fr\/shop\/boutique-brumisation\/embout-porte-buse-lateral\/","title":{"rendered":"Porte buse lat\u00e9ral"},"content":{"rendered":"<p>L\u2019embout porte buse lat\u00e9ral OA6 est\u00a0<strong>un accessoire essentiel<\/strong>\u00a0pour votre syst\u00e8me de brumisation.<\/p>\n<p>Il permet de\u00a0<strong>finaliser votre rampe de brumisation<\/strong>\u00a0en toute simplicit\u00e9 et rapidit\u00e9. Cet embout est con\u00e7u pour s\u2019<strong>adapter parfaitement \u00e0 nos tubes<\/strong>\u00a0de brumisation et est fabriqu\u00e9 en\u00a0<strong>laiton nickel\u00e9<\/strong>\u00a0de haute qualit\u00e9 pour une durabilit\u00e9 optimale.<\/p>\n","protected":false},"excerpt":{"rendered":"<p>L\u2019embout porte buse lat\u00e9ral OA6 est\u00a0un accessoire essentiel\u00a0pour votre syst\u00e8me de brumisation. Il permet de\u00a0finaliser votre rampe de brumisation\u00a0en toute simplicit\u00e9 et rapidit\u00e9. Cet embout est con\u00e7u pour s\u2019adapter parfaitement \u00e0 nos tubes\u00a0de brumisation et est fabriqu\u00e9 en\u00a0laiton nickel\u00e9\u00a0de haute qualit\u00e9 pour une durabilit\u00e9 optimale.<\/p>\n","protected":false},"featured_media":1052,"comment_status":"open","ping_status":"closed","template":"","meta":{"_acf_changed":false,"_seopress_robots_primary_cat":"none","_seopress_titles_title":"Embout porte-buse lat\u00e9ral raccord de fin de rampe laiton","_seopress_titles_desc":"Finalisez votre rampe de brumisation haute pression avec cet embout porte-buse lat\u00e9ral. Il assure la fixation et l'\u00e9tanch\u00e9it\u00e9.","_seopress_robots_index":""},"solution-metier-produit":[],"product_brand":[86],"product_cat":[36,37,38,26],"product_tag":[],"class_list":{"0":"post-1051","1":"product","2":"type-product","3":"status-publish","4":"has-post-thumbnail","6":"product_brand-oa6","7":"product_cat-o1-4","8":"product_cat-o3-8","9":"product_cat-o8","10":"product_cat-raccord-de-brumisation","12":"first","13":"instock","14":"taxable","15":"shipping-taxable","16":"purchasable","17":"product-type-variable"},"acf":[],"_links":{"self":[{"href":"https:\/\/www.oa6.fr\/shop\/wp-json\/wp\/v2\/product\/1051","targetHints":{"allow":["GET"]}}],"collection":[{"href":"https:\/\/www.oa6.fr\/shop\/wp-json\/wp\/v2\/product"}],"about":[{"href":"https:\/\/www.oa6.fr\/shop\/wp-json\/wp\/v2\/types\/product"}],"replies":[{"embeddable":true,"href":"https:\/\/www.oa6.fr\/shop\/wp-json\/wp\/v2\/comments?post=1051"}],"wp:featuredmedia":[{"embeddable":true,"href":"https:\/\/www.oa6.fr\/shop\/wp-json\/wp\/v2\/media\/1052"}],"wp:attachment":[{"href":"https:\/\/www.oa6.fr\/shop\/wp-json\/wp\/v2\/media?parent=1051"}],"wp:term":[{"taxonomy":"solution-metier-produit","embeddable":true,"href":"https:\/\/www.oa6.fr\/shop\/wp-json\/wp\/v2\/solution-metier-produit?post=1051"},{"taxonomy":"product_brand","embeddable":true,"href":"https:\/\/www.oa6.fr\/shop\/wp-json\/wp\/v2\/product_brand?post=1051"},{"taxonomy":"product_cat","embeddable":true,"href":"https:\/\/www.oa6.fr\/shop\/wp-json\/wp\/v2\/product_cat?post=1051"},{"taxonomy":"product_tag","embeddable":true,"href":"https:\/\/www.oa6.fr\/shop\/wp-json\/wp\/v2\/product_tag?post=1051"}],"curies":[{"name":"wp","href":"https:\/\/api.w.org\/{rel}","templated":true}]}}