{"id":1072,"date":"2025-03-21T14:33:06","date_gmt":"2025-03-21T14:33:06","guid":{"rendered":"https:\/\/www.oa6.fr\/shop\/?post_type=product&#038;p=1072"},"modified":"2026-01-05T16:09:39","modified_gmt":"2026-01-05T15:09:39","slug":"rallonge","status":"publish","type":"product","link":"https:\/\/www.oa6.fr\/shop\/boutique-brumisation\/rallonge\/","title":{"rendered":"Extension de buse"},"content":{"rendered":"<p>L&#8217;extension de buse OA6 est un <strong>accessoire pratique et polyvalent<\/strong>\u00a0pour les installations de brumisation haute pression. Fabriqu\u00e9e en\u00a0<strong>laiton nickel\u00e9 de haute qualit\u00e9<\/strong>, elle est\u00a0<strong>con\u00e7ue pour r\u00e9sister \u00e0 la corrosion et aux intemp\u00e9ries<\/strong>, garantissant ainsi une longue dur\u00e9e de vie. La rallonge pour buse de brumisation est\u00a0<strong>disponible en quatre taille<\/strong>s (<strong>5cm<\/strong>, <strong>10 cm<\/strong>,\u00a0<strong>20 cm<\/strong>\u00a0et\u00a0<strong>30 cm<\/strong>).<\/p>\n<p>Elle permet de\u00a0<strong>d\u00e9porter la buse de brumisation de plusieurs centim\u00e8tres<\/strong> pour une couverture optimale. De plus, gr\u00e2ce \u00e0 sa\u00a0<strong>conception fa\u00e7onnable<\/strong>, elle\u00a0<strong>peut \u00eatre d\u00e9form\u00e9e pour s\u2019adapter<\/strong>\u00a0\u00e0 toutes les configurations et orienter le flux de brumisation de mani\u00e8re pr\u00e9cise.<\/p>\n","protected":false},"excerpt":{"rendered":"<p>L&#8217;extension de buse OA6 est un accessoire pratique et polyvalent\u00a0pour les installations de brumisation haute pression. Fabriqu\u00e9e en\u00a0laiton nickel\u00e9 de haute qualit\u00e9, elle est\u00a0con\u00e7ue pour r\u00e9sister \u00e0 la corrosion et aux intemp\u00e9ries, garantissant ainsi une longue dur\u00e9e de vie. La rallonge pour buse de brumisation est\u00a0disponible en quatre tailles (5cm, 10 cm,\u00a020 cm\u00a0et\u00a030 cm). Elle [&hellip;]<\/p>\n","protected":false},"featured_media":2296,"comment_status":"open","ping_status":"closed","template":"","meta":{"_acf_changed":false,"_seopress_robots_primary_cat":"none","_seopress_titles_title":"","_seopress_titles_desc":"","_seopress_robots_index":""},"solution-metier-produit":[],"product_brand":[86],"product_cat":[28],"product_tag":[],"class_list":{"0":"post-1072","1":"product","2":"type-product","3":"status-publish","4":"has-post-thumbnail","6":"product_brand-oa6","7":"product_cat-buse","9":"first","10":"instock","11":"taxable","12":"shipping-taxable","13":"purchasable","14":"product-type-variable"},"acf":[],"_links":{"self":[{"href":"https:\/\/www.oa6.fr\/shop\/wp-json\/wp\/v2\/product\/1072","targetHints":{"allow":["GET"]}}],"collection":[{"href":"https:\/\/www.oa6.fr\/shop\/wp-json\/wp\/v2\/product"}],"about":[{"href":"https:\/\/www.oa6.fr\/shop\/wp-json\/wp\/v2\/types\/product"}],"replies":[{"embeddable":true,"href":"https:\/\/www.oa6.fr\/shop\/wp-json\/wp\/v2\/comments?post=1072"}],"wp:featuredmedia":[{"embeddable":true,"href":"https:\/\/www.oa6.fr\/shop\/wp-json\/wp\/v2\/media\/2296"}],"wp:attachment":[{"href":"https:\/\/www.oa6.fr\/shop\/wp-json\/wp\/v2\/media?parent=1072"}],"wp:term":[{"taxonomy":"solution-metier-produit","embeddable":true,"href":"https:\/\/www.oa6.fr\/shop\/wp-json\/wp\/v2\/solution-metier-produit?post=1072"},{"taxonomy":"product_brand","embeddable":true,"href":"https:\/\/www.oa6.fr\/shop\/wp-json\/wp\/v2\/product_brand?post=1072"},{"taxonomy":"product_cat","embeddable":true,"href":"https:\/\/www.oa6.fr\/shop\/wp-json\/wp\/v2\/product_cat?post=1072"},{"taxonomy":"product_tag","embeddable":true,"href":"https:\/\/www.oa6.fr\/shop\/wp-json\/wp\/v2\/product_tag?post=1072"}],"curies":[{"name":"wp","href":"https:\/\/api.w.org\/{rel}","templated":true}]}}